f 3183657 and 318?
159
What is the highest common factor of 2058 and 13125?
21
What is the greatest common divisor of 116551 and 232?
29
Calculate the greatest common divisor of 12825 and 1349.
19
What is the highest common factor of 51 and 366?
3
Calculate the highest common divisor of 52956 and 252.
36
What is the greatest common divisor of 1711 and 1566?
29
Calculate the highest common factor of 611853 and 165.
33
What is the greatest common divisor of 140200 and 10?
10
What is the greatest common divisor of 1072 and 688?
16
Calculate the highest common factor of 7098 and 42.
42
What is the highest common factor of 14460 and 3210?
30
Calculate the greatest common divisor of 136 and 48484.
68
What is the highest common factor of 1876 and 12628?
28
What is the greatest common divisor of 57613 and 425?
17
What is the highest common factor of 83359 and 31?
31
Calculate the highest common divisor of 2409832 and 5448.
1816
Calculate the greatest common factor of 12453 and 315.
21
Calculate the greatest common factor of 950 and 6825.
25
Calculate the highest common factor of 33 and 41173.
11
Calculate the greatest common factor of 162 and 124326.
18
What is the greatest common divisor of 424 and 89146?
106
Calculate the greatest common divisor of 70266 and 105.
21
What is the greatest common factor of 93819 and 66?
33
Calculate the greatest common divisor of 15484 and 3724.
196
What is the greatest common divisor of 379806 and 147?
21
Calculate the greatest common factor of 29 and 2927.
1
What is the greatest common divisor of 369 and 576?
9
What is the greatest common divisor of 170 and 349010?
170
What is the highest common divisor of 2070 and 14370?
30
What is the greatest common factor of 2364 and 16?
4
What is the highest common divisor of 490 and 5250?
70
Calculate the greatest common divisor of 109826 and 57998.
1234
Calculate the highest common divisor of 439270 and 20.
10
What is the greatest common divisor of 187131 and 102711?
1407
What is the greatest common divisor of 4068976 and 368?
368
What is the greatest common divisor of 40220 and 12?
4
What is the highest common divisor of 10070 and 25555?
95
What is the highest common factor of 4680 and 14274?
234
Calculate the highest common divisor of 13474538 and 11.
11
Calculate the greatest common factor of 30296 and 4718.
14
Calculate the highest common factor of 339760 and 70.
10
Calculate the greatest common divisor of 1681 and 89.
1
What is the greatest common divisor of 71939 and 903?
301
What is the greatest common divisor of 247 and 653315?
247
What is the highest common factor of 106960 and 15?
5
What is the highest common factor of 198 and 2959?
11
Calculate the highest common factor of 5416 and 16.
8
Calculate the greatest common divisor of 15215 and 170.
85
Calculate the greatest common divisor of 15400 and 3790.
10
Calculate the greatest common divisor of 4099 and 177.
1
Calculate the highest common divisor of 12682 and 446854.
746
What is the highest common divisor of 1048 and 76?
4
What is the highest common factor of 221 and 339404?
13
Calculate the highest common divisor of 22995 and 15813.
63
What is the greatest common factor of 8 and 120634?
2
Calculate the highest common factor of 6393 and 2.
1
What is the highest common factor of 55 and 2600?
5
What is the greatest common factor of 12096 and 17928?
216
Calculate the greatest common factor of 35687 and 6223.
127
Calculate the greatest common factor of 6588 and 5388.
12
Calculate the greatest common factor of 3897880 and 224.
56
What is the highest common factor of 98075 and 350?
25
Calculate the highest common factor of 2742 and 366.
6
Calculate the highest common factor of 1500 and 212775.
75
What is the highest common factor of 70 and 158431?
7
What is the highest common factor of 4292 and 638?
58
What is the highest common factor of 39105 and 94721?
869
Calculate the highest common divisor of 816 and 62448.
48
Calculate the highest common divisor of 2662 and 41756.
22
Calculate the greatest common divisor of 600 and 34824.
24
Calculate the highest common factor of 148589 and 28.
7
Calculate the greatest common factor of 244 and 556.
4
Calculate the highest common divisor of 640 and 6592.
64
Calculate the greatest common factor of 1079 and 611.
13
What is the highest common factor of 77 and 82607?
7
Calculate the greatest common divisor of 196884 and 12.
12
What is the greatest common divisor of 945 and 500?
5
What is the greatest common factor of 828 and 846?
18
Calculate the greatest common factor of 616 and 15752.
88
What is the greatest common divisor of 8056 and 50160?
152
What is the highest common divisor of 8905 and 260?
65
Calculate the greatest common divisor of 182881 and 1990.
199
Calculate the greatest common factor of 563 and 4.
1
What is the greatest common divisor of 260 and 2570?
10
Calculate the highest common divisor of 854 and 6222.
122
Calculate the highest common factor of 2767519 and 179.
179
Calculate the highest common divisor of 4163809 and 39.
13
Calculate the highest common factor of 42 and 139062.
42
What is the highest common factor of 1527 and 573?
3
What is the highest common factor of 64 and 79952?
16
What is the highest common factor of 113918 and 16?
2
Calculate the greatest common factor of 980932 and 76.
76
Calculate the greatest common factor of 3920 and 4610.
10
Calculate the highest common divisor of 378 and 900186.
42
What is the greatest common factor of 105327 and 846?
423
What is the greatest common factor of 14399 and 224?
7
Calculate the greatest common factor of 22974 and 609.
21
Calculate the greatest common divisor of 1275 and 6025.
25
What is the greatest common factor of 112206 and 2?
2
What is the greatest common factor of 38960 and 240?
80
What is the highest common divisor of 123 and 369?
123
What is the highest common factor of 61784 and 24?
8
What is the greatest common divisor of 508776 and 129?
129
What is the greatest common divisor of 475 and 103873?
19
What is the highest common factor of 1134684 and 72?
36
What is the greatest common factor of 18 and 42702?
6
What is the greatest common factor of 11254 and 18536?
662
Calculate the highest common factor of 1370 and 1120.
10
Calculate the greatest common divisor of 308620 and 1040.
260
Calculate the highest common divisor of 3768159 and 873.
291
What is the greatest common divisor of 90867 and 42?
21
Calculate the highest common divisor of 561070 and 19.
19
Calculate the highest common divisor of 19524 and 120.
12
What is the greatest common factor of 4901 and 11323?
169
Calculate the greatest common divisor of 2096 and 7729.
131
What is the highest common factor of 12454 and 286?
26
What is the highest common divisor of 1183063 and 7?
7
What is the greatest common factor of 10048 and 785?
157
What is the greatest common divisor of 663380 and 50?
10
Calculate the highest common factor of 56 and 147688.
8
Calculate the greatest common divisor of 66 and 79176.
6
Calculate the highest common divisor of 1449 and 807921.
207
What is the greatest common factor of 6 and 14439?
3
What is the highest common divisor of 17031 and 567?
21
What is the highest common divisor of 122 and 606?
2
What is the greatest common divisor of 366 and 68991?
183
Calculate the greatest common divisor of 1421 and 29.
29
What is the greatest common factor of 67626 and 336141?
1989
Calculate the greatest common factor of 40338 and 11502.
162
Calculate the greatest common divisor of 1026 and 24282.
342
Calculate the highest common factor of 1520 and 472.
8
Calculate the highest common factor of 1645 and 29845.
235
Calculate the greatest common factor of 9568 and 312.
104
Calculate the greatest common factor of 83006 and 2058.
686
Calculate the highest common divisor of 18722 and 5842.
46
Calculate the greatest common factor of 471616 and 128.
64
Calculate the greatest common divisor of 22 and 3255461.
11
Calculate the highest common factor of 270457 and 11.
11
Calculate the greatest common divisor of 12482 and 5530.
158
Calculate the greatest common divisor of 16 and 746.
2
Calculate the greatest common factor of 207036 and 192.
12
Calculate the greatest common divisor of 1228675 and 2550.
425
Calculate the greatest common factor of 3